{"id":237166,"date":"2021-05-05T20:35:04","date_gmt":"2021-05-05T20:35:04","guid":{"rendered":"https:\/\/batelada.com\/?page_id=237166"},"modified":"2021-06-04T16:01:56","modified_gmt":"2021-06-04T16:01:56","slug":"bonecos-3","status":"publish","type":"page","link":"https:\/\/batelada.com\/index.php\/bonecos-3\/","title":{"rendered":"BONECOS"},"content":{"rendered":"\n<p class=\"has-text-align-center has-medium-font-size\">O Sobrevento tem um acervo de bonecos que fez, que usou em cena, que reuniu para as suas pesquisas e que ganhou de presente de artistas de todo o mundo.<\/p>\n\n\n\n<p class=\"has-text-align-center\">Clicando em uma imagem, vc descobre tudo sobre um item, nos m\u00ednimos detalhes.<br><a href=\"https:\/\/batelada.com\/index.php\/bonecos-2\/\"><span class=\"has-inline-color has-vivid-red-color\">E voc\u00ea pode fazer buscas detalhadas em uma visualiza\u00e7\u00e3o em tabela ou formatos surpreendentes, clicando AQUI.<\/span><\/a><br>Um pouquinho de paci\u00eancia, por favor. P\u00e1gina carregando-se&#8230;<\/p>\n\n\n\n<div search-url=\"https:\/\/batelada.com\/wp-admin\/admin.php?page=tainacan_admin#\/collections\/70931\/items\/?readmode=true&amp;iframemode=true&amp;status=publish&amp;admin_view_mode=table&amp;perpage=96&amp;paged=1&amp;order=ASC&amp;fetch_only_meta=70939%2C70937%2C5532&amp;fetch_only=thumbnail%2Ccreation_date%2Cauthor_name&amp;orderby=meta_value&amp;metakey=5532\" class=\"wp-block-tainacan-dynamic-items-list\" collection-id=\"70931\" show-image=\"true\" show-name=\"true\" show-search-bar=\"undefined\" show-collection-header=\"undefined\" show-collection-label=\"undefined\" crop-images-to-square=\"true\" layout=\"grid\" mosaic-height=\"280\" mosaic-density=\"5\" mosaic-grid-rows=\"3\" mosaic-grid-columns=\"3\" mosaic-item-focal-point-x=\"0.5\" mosaic-item-focal-point-y=\"0.5\" max-columns-count=\"4\" collection-background-color=\"#454647\" collection-text-color=\"#ffffff\" grid-margin=\"0\" max-items-number=\"96\" order=\"ASC\" tainacan-api-root=\"https:\/\/batelada.com\/index.php\/wp-json\/tainacan\/v2\" tainacan-base-url=\"https:\/\/batelada.com\/wp-content\/plugins\/tainacan\" id=\"wp-block-tainacan-dynamic-items-list_1dbc2b52-5685-42f2-9d63-e0a2a81f6690\"><div><\/div><\/div>\n\n\n\n<div search-url=\"https:\/\/batelada.com\/wp-admin\/admin.php?page=tainacan_admin#\/collections\/70931\/items\/?readmode=true&amp;iframemode=true&amp;status=publish&amp;admin_view_mode=table&amp;perpage=96&amp;paged=2&amp;order=ASC&amp;fetch_only_meta=70939%2C70937%2C5532&amp;fetch_only=thumbnail%2Ccreation_date%2Cauthor_name&amp;orderby=meta_value&amp;metakey=5532\" class=\"wp-block-tainacan-dynamic-items-list\" collection-id=\"70931\" show-image=\"true\" show-name=\"true\" show-search-bar=\"undefined\" show-collection-header=\"undefined\" show-collection-label=\"undefined\" crop-images-to-square=\"true\" layout=\"grid\" mosaic-density=\"5\" mosaic-item-focal-point-x=\"0.5\" mosaic-item-focal-point-y=\"0.5\" max-columns-count=\"4\" collection-background-color=\"#454647\" collection-text-color=\"#ffffff\" grid-margin=\"0\" max-items-number=\"96\" order=\"ASC\" tainacan-api-root=\"https:\/\/batelada.com\/index.php\/wp-json\/tainacan\/v2\" tainacan-base-url=\"https:\/\/batelada.com\/wp-content\/plugins\/tainacan\" id=\"wp-block-tainacan-dynamic-items-list_6eeb2000-943d-4bd4-b08a-2dc1cfbc3010\"><div><\/div><\/div>\n\n\n\n<div search-url=\"https:\/\/batelada.com\/wp-admin\/admin.php?page=tainacan_admin#\/collections\/70931\/items\/?readmode=true&amp;iframemode=true&amp;status=publish&amp;admin_view_mode=table&amp;perpage=96&amp;paged=3&amp;order=ASC&amp;orderby=meta_value&amp;metakey=5532&amp;fetch_only=thumbnail%2Ccreation_date%2Cauthor_name&amp;fetch_only_meta=70939%2C70937%2C5532\" class=\"wp-block-tainacan-dynamic-items-list\" collection-id=\"70931\" show-image=\"true\" show-name=\"true\" show-search-bar=\"undefined\" show-collection-header=\"undefined\" show-collection-label=\"undefined\" crop-images-to-square=\"true\" layout=\"grid\" mosaic-density=\"5\" mosaic-item-focal-point-x=\"0.5\" mosaic-item-focal-point-y=\"0.5\" max-columns-count=\"4\" collection-background-color=\"#454647\" collection-text-color=\"#ffffff\" grid-margin=\"0\" max-items-number=\"96\" order=\"ASC\" tainacan-api-root=\"https:\/\/batelada.com\/index.php\/wp-json\/tainacan\/v2\" tainacan-base-url=\"https:\/\/batelada.com\/wp-content\/plugins\/tainacan\" id=\"wp-block-tainacan-dynamic-items-list_4a7dea16-6d8f-4a93-8886-5ce97a9aaeb2\"><div><\/div><\/div>\n","protected":false},"excerpt":{"rendered":"<p>O Sobrevento tem um acervo de bonecos que fez, que usou em cena, que reuniu para as suas pesquisas e que ganhou de presente de artistas de todo o mundo. Clicando em uma imagem, vc descobre tudo sobre um item, nos m\u00ednimos detalhes.E voc\u00ea pode fazer buscas detalhadas em uma visualiza\u00e7\u00e3o em tabela ou formatos [&hellip;]<\/p>\n","protected":false},"author":1,"featured_media":70932,"parent":0,"menu_order":0,"comment_status":"closed","ping_status":"closed","template":"template-fullwidth.php","meta":{"footnotes":""},"class_list":["post-237166","page","type-page","status-publish","has-post-thumbnail","hentry"],"_links":{"self":[{"href":"https:\/\/batelada.com\/index.php\/wp-json\/wp\/v2\/pages\/237166","targetHints":{"allow":["GET"]}}],"collection":[{"href":"https:\/\/batelada.com\/index.php\/wp-json\/wp\/v2\/pages"}],"about":[{"href":"https:\/\/batelada.com\/index.php\/wp-json\/wp\/v2\/types\/page"}],"author":[{"embeddable":true,"href":"https:\/\/batelada.com\/index.php\/wp-json\/wp\/v2\/users\/1"}],"replies":[{"embeddable":true,"href":"https:\/\/batelada.com\/index.php\/wp-json\/wp\/v2\/comments?post=237166"}],"version-history":[{"count":7,"href":"https:\/\/batelada.com\/index.php\/wp-json\/wp\/v2\/pages\/237166\/revisions"}],"predecessor-version":[{"id":334434,"href":"https:\/\/batelada.com\/index.php\/wp-json\/wp\/v2\/pages\/237166\/revisions\/334434"}],"wp:featuredmedia":[{"embeddable":true,"href":"https:\/\/batelada.com\/index.php\/wp-json\/wp\/v2\/media\/70932"}],"wp:attachment":[{"href":"https:\/\/batelada.com\/index.php\/wp-json\/wp\/v2\/media?parent=237166"}],"curies":[{"name":"wp","href":"https:\/\/api.w.org\/{rel}","templated":true}]}}