{"id":270567,"date":"2021-05-11T14:30:49","date_gmt":"2021-05-11T14:30:49","guid":{"rendered":"https:\/\/batelada.com\/?page_id=270567"},"modified":"2023-11-14T13:15:54","modified_gmt":"2023-11-14T16:15:54","slug":"musicas-3","status":"publish","type":"page","link":"https:\/\/batelada.com\/index.php\/musicas-3\/","title":{"rendered":"M\u00daSICAS"},"content":{"rendered":"\n<p class=\"has-text-align-center has-medium-font-size\">As m\u00fasicas que o Sobrevento usou e usa em cena nos seus espet\u00e1culos.<\/p>\n\n\n\n<p class=\"has-text-align-center has-small-font-size\">Clicando em uma imagem, vc descobre tudo sobre um item, nos m\u00ednimos detalhes.<br><a href=\"https:\/\/batelada.com\/index.php\/musicas-2\/\"><span class=\"has-inline-color has-vivid-red-color\">E voc\u00ea pode fazer buscas detalhadas em uma visualiza\u00e7\u00e3o em tabela ou formatos surpreendentes, clicando AQUI.<\/span><\/a><br>Um pouquinho de paci\u00eancia, por favor. P\u00e1gina carregando-se\u2026<\/p>\n\n\n\n<div class=\"wp-block-tainacan-dynamic-items-list\" data-module=\"dynamic-items-list\" search-url=\"https:\/\/batelada.com\/wp-admin\/admin.php?page=tainacan_admin#\/collections\/261788\/items\/?readmode=true&amp;iframemode=true&amp;status=publish&amp;admin_view_mode=table&amp;perpage=24&amp;paged=1&amp;order=DESC&amp;orderby=date&amp;fetch_only=thumbnail%2Ccreation_date%2Cauthor_name&amp;fetch_only_meta=4742%2C4967%2C261793%2C261828\" selected-items=\"[]\" collection-id=\"261788\" show-image=\"true\" show-name=\"true\" show-search-bar=\"false\" show-collection-header=\"false\" show-collection-label=\"false\" image-size=\"tainacan-medium\" layout=\"grid\" load-strategy=\"search\" mosaic-height=\"280\" mosaic-density=\"5\" mosaic-grid-rows=\"3\" mosaic-grid-columns=\"3\" mosaic-item-focal-point-x=\"0.5\" mosaic-item-focal-point-y=\"0.5\" max-columns-count=\"4\" collection-background-color=\"#454647\" collection-text-color=\"#ffffff\" grid-margin=\"0\" max-items-number=\"28\" order=\"DESC\" orderby=\"date\" tainacan-api-root=\"https:\/\/batelada.com\/index.php\/wp-json\/tainacan\/v2\" tainacan-base-url=\"https:\/\/batelada.com\/wp-content\/plugins\/tainacan\" id=\"wp-block-tainacan-dynamic-items-list_2e3aa972-a225-414a-9d25-ed1cba7fc94f\"><div><\/div><\/div>\n\n\n\n<p><\/p>\n","protected":false},"excerpt":{"rendered":"<p>As m\u00fasicas que o Sobrevento usou e usa em cena nos seus espet\u00e1culos. Clicando em uma imagem, vc descobre tudo sobre um item, nos m\u00ednimos detalhes.E voc\u00ea pode fazer buscas detalhadas em uma visualiza\u00e7\u00e3o em tabela ou formatos surpreendentes, clicando AQUI.Um pouquinho de paci\u00eancia, por favor. P\u00e1gina carregando-se\u2026<\/p>\n","protected":false},"author":1,"featured_media":31773,"parent":0,"menu_order":0,"comment_status":"closed","ping_status":"closed","template":"template-fullwidth.php","meta":{"footnotes":""},"class_list":["post-270567","page","type-page","status-publish","has-post-thumbnail","hentry"],"_links":{"self":[{"href":"https:\/\/batelada.com\/index.php\/wp-json\/wp\/v2\/pages\/270567","targetHints":{"allow":["GET"]}}],"collection":[{"href":"https:\/\/batelada.com\/index.php\/wp-json\/wp\/v2\/pages"}],"about":[{"href":"https:\/\/batelada.com\/index.php\/wp-json\/wp\/v2\/types\/page"}],"author":[{"embeddable":true,"href":"https:\/\/batelada.com\/index.php\/wp-json\/wp\/v2\/users\/1"}],"replies":[{"embeddable":true,"href":"https:\/\/batelada.com\/index.php\/wp-json\/wp\/v2\/comments?post=270567"}],"version-history":[{"count":13,"href":"https:\/\/batelada.com\/index.php\/wp-json\/wp\/v2\/pages\/270567\/revisions"}],"predecessor-version":[{"id":345867,"href":"https:\/\/batelada.com\/index.php\/wp-json\/wp\/v2\/pages\/270567\/revisions\/345867"}],"wp:featuredmedia":[{"embeddable":true,"href":"https:\/\/batelada.com\/index.php\/wp-json\/wp\/v2\/media\/31773"}],"wp:attachment":[{"href":"https:\/\/batelada.com\/index.php\/wp-json\/wp\/v2\/media?parent=270567"}],"curies":[{"name":"wp","href":"https:\/\/api.w.org\/{rel}","templated":true}]}}