{"id":304956,"date":"2021-05-17T17:58:16","date_gmt":"2021-05-17T17:58:16","guid":{"rendered":"https:\/\/batelada.com\/?page_id=304956"},"modified":"2021-05-31T22:43:47","modified_gmt":"2021-05-31T22:43:47","slug":"quem-fez","status":"publish","type":"page","link":"https:\/\/batelada.com\/index.php\/quem-fez\/","title":{"rendered":"QUEM FEZ"},"content":{"rendered":"\n<p class=\"has-text-align-center has-large-font-size\">Quem construiu esse reposit\u00f3rio<\/p>\n\n\n\n<p class=\"has-text-align-center\">Todo esse projeto de registro, desde a cataloga\u00e7\u00e3o \u00e0s fotografias, passando pela organiza\u00e7\u00e3o, restauro, registro, desenvolvimento do programa, tudo foi feito pelo Sobrevento. E o Sobrevento \u00e9 o diretor e ator Luiz Andr\u00e9 Cherubini (bibli\u00f3filo contumaz), a atriz Liana Yuri (especialista em pap\u00e9is e restaura\u00e7\u00e3o de livros, que decidiu estudar Biblioteconomia), o iluminador Marcelo Amaral (que organizou caixas, recuperou materiais, iluminou os itens ftografados), o ator e cenot\u00e9cnico (Agnaldo Souza (que fez as oito estantes que abrigam a biblioteca do Sobrevento e muito, muito mais), os fot\u00f3grafos Marco Aur\u00e9lio Ol\u00edmpio (que fotografou e orientou a forma de registrar os itens) e Adriana Horvath, o figurinista Dalmir Rog\u00e9rio (que restaurou figurinos, preparou os manequins e fez a produ\u00e7\u00e3o de cada foto, montando cada traje), a atriz Melissa Mardones (que catalogou uma enorme quantidade itens, de todo tipo), o programador Javier Cruz (que organizou a primeira listagem pesquis\u00e1vel dos livros), a diretora e atriz Sandra Vargas e os atores Maur\u00edcio Santana e Daniel Viana (que catalogaram, reuniram, organizaram mil coisas), Mandy e Roberta Forjaz (que restauraram bonecos). Estagi\u00e1rios incr\u00edveis, como os artistas Salom\u00e3o P\u00f4legar, Anna Belinello e Danila Moura. O fundador do Sobrevento Miguel Vellinho (e o cuidado com tantos documentos). E muito mais gente.<\/p>\n\n\n\n<p class=\"has-text-align-center\">Somam-se aqui grandes doadores que movimentaram a Biblioteca do Sobrevento como o biblioteconomista, pesquisador teatral e fot\u00f3grafo Gilson P. Borges (prof. da UFG), a filha do renomado bonequeiro H\u00e9ctor L\u00f3pez Girondo &#8211; a iluminadora Luz L\u00f3pez -, os bibli\u00f3filos e teatr\u00f3filos Professores \u00c2ngelo Mendes Corr\u00eaa e Itamar Santos, os m\u00e1gicos Volckane e L\u00facia, a nossa Sueli Andrade &#8211; atriz do Sobrevento -, al\u00e9m de muitos companheiros apaixonados pelo Teatro e pelo saber.<\/p>\n\n\n\n<p class=\"has-text-align-center\">Os companheiros que quiserem orienta\u00e7\u00f5es sobre como organizar as suas cole\u00e7\u00f5es e mem\u00f3rias fa\u00e7am o favor de contar conosco.<br>Como disse o poeta Jo\u00e3o Cabral, &#8220;um galo sozinho n\u00e3o tece uma manh\u00e3&#8221;.<\/p>\n","protected":false},"excerpt":{"rendered":"<p>Quem construiu esse reposit\u00f3rio Todo esse projeto de registro, desde a cataloga\u00e7\u00e3o \u00e0s fotografias, passando pela organiza\u00e7\u00e3o, restauro, registro, desenvolvimento do programa, tudo foi feito pelo Sobrevento. E o Sobrevento \u00e9 o diretor e ator Luiz Andr\u00e9 Cherubini (bibli\u00f3filo contumaz), a atriz Liana Yuri (especialista em pap\u00e9is e restaura\u00e7\u00e3o de livros, que decidiu estudar Biblioteconomia), [&hellip;]<\/p>\n","protected":false},"author":1,"featured_media":0,"parent":0,"menu_order":0,"comment_status":"closed","ping_status":"closed","template":"template-fullwidth.php","meta":{"footnotes":""},"class_list":["post-304956","page","type-page","status-publish","hentry"],"_links":{"self":[{"href":"https:\/\/batelada.com\/index.php\/wp-json\/wp\/v2\/pages\/304956","targetHints":{"allow":["GET"]}}],"collection":[{"href":"https:\/\/batelada.com\/index.php\/wp-json\/wp\/v2\/pages"}],"about":[{"href":"https:\/\/batelada.com\/index.php\/wp-json\/wp\/v2\/types\/page"}],"author":[{"embeddable":true,"href":"https:\/\/batelada.com\/index.php\/wp-json\/wp\/v2\/users\/1"}],"replies":[{"embeddable":true,"href":"https:\/\/batelada.com\/index.php\/wp-json\/wp\/v2\/comments?post=304956"}],"version-history":[{"count":13,"href":"https:\/\/batelada.com\/index.php\/wp-json\/wp\/v2\/pages\/304956\/revisions"}],"predecessor-version":[{"id":311106,"href":"https:\/\/batelada.com\/index.php\/wp-json\/wp\/v2\/pages\/304956\/revisions\/311106"}],"wp:attachment":[{"href":"https:\/\/batelada.com\/index.php\/wp-json\/wp\/v2\/media?parent=304956"}],"curies":[{"name":"wp","href":"https:\/\/api.w.org\/{rel}","templated":true}]}}