{"id":310516,"date":"2021-05-24T14:22:44","date_gmt":"2021-05-24T14:22:44","guid":{"rendered":"https:\/\/batelada.com\/?page_id=310516"},"modified":"2021-05-24T14:41:53","modified_gmt":"2021-05-24T14:41:53","slug":"eventos-de-teatro-de-animacao-2","status":"publish","type":"page","link":"https:\/\/batelada.com\/index.php\/eventos-de-teatro-de-animacao-2\/","title":{"rendered":"Eventos de Teatro de Anima\u00e7\u00e3o"},"content":{"rendered":"\n<p class=\"has-text-align-center has-medium-font-size\">Esta cole\u00e7\u00e3o re\u00fane materiais gr\u00e1ficos de Eventos ligados ao Teatro de Anima\u00e7\u00e3o (Festivais, Exposi\u00e7\u00f5es, Semin\u00e1rios, etc.) que o Grupo Sobrevento mant\u00e9m em um arquivo f\u00edsico. Materiais gr\u00e1ficos que se constituem como livros ou revistas constam do corpo principal da Biblioteca.<\/p>\n\n\n\n<p class=\"has-text-align-center\">Clicando em uma imagem, vc descobre tudo sobre um item, nos m\u00ednimos detalhes.<br><a href=\"https:\/\/batelada.com\/index.php\/eventos-de-teatro-de-animacao\/\"><span class=\"has-inline-color has-vivid-red-color\">E voc\u00ea pode fazer buscas detalhadas em uma visualiza\u00e7\u00e3o em tabela ou formatos surpreendentes, clicando AQUI.<\/span><\/a><br>Um pouquinho de paci\u00eancia, por favor. P\u00e1gina carregando-se\u2026<\/p>\n\n\n\n<div style=\"font-size:16px;--tainacan-base-font-size:16px;--tainacan-background-color:#ffffff;--tainacan-filter-menu-width-theme:20%;--tainacan-input-color:#1d1d1d;--tainacan-input-background-color:#ffffff;--tainacan-input-border-color:#dbdbdb;--tainacan-label-color:#454647;--tainacan-info-color:#555758;--tainacan-heading-color:#000000;--tainacan-skeleton-color:#eeeeee;--tainacan-item-background-color:#ffffff;--tainacan-item-hover-background-color:#f2f2f2;--tainacan-item-heading-hover-background-color:#dbdbdb;--tainacan-primary:#d9eced;--tainacan-secondary:#298596\" class=\"wp-block-tainacan-faceted-search\"><main collection-id=\"46478\" default-view-mode=\"mosaic\" enabled-view-modes=\"mosaic\" hide-filters=\"false\" hide-hide-filters-button=\"false\" hide-search=\"false\" hide-advanced-search=\"false\" hide-displayed-metadata-button=\"false\" hide-pagination-area=\"false\" hide-sorting-area=\"false\" hide-items-thumbnail=\"false\" hide-sort-by-button=\"false\" hide-exposers-button=\"false\" hide-items-per-page-button=\"false\" default-items-per-page=\"50\" hide-go-to-page-button=\"false\" show-filters-button-inside-search-control=\"false\" start-with-filters-hidden=\"false\" filters-as-modal=\"false\" show-inline-view-mode-options=\"false\" show-fullscreen-with-view-modes=\"false\" id=\"tainacan-items-page\"><\/main><\/div>\n","protected":false},"excerpt":{"rendered":"<p>Esta cole\u00e7\u00e3o re\u00fane materiais gr\u00e1ficos de Eventos ligados ao Teatro de Anima\u00e7\u00e3o (Festivais, Exposi\u00e7\u00f5es, Semin\u00e1rios, etc.) que o Grupo Sobrevento mant\u00e9m em um arquivo f\u00edsico. Materiais gr\u00e1ficos que se constituem como livros ou revistas constam do corpo principal da Biblioteca. Clicando em uma imagem, vc descobre tudo sobre um item, nos m\u00ednimos detalhes.E voc\u00ea pode [&hellip;]<\/p>\n","protected":false},"author":1,"featured_media":0,"parent":0,"menu_order":0,"comment_status":"closed","ping_status":"closed","template":"template-fullwidth.php","meta":{"footnotes":""},"class_list":["post-310516","page","type-page","status-publish","hentry"],"_links":{"self":[{"href":"https:\/\/batelada.com\/index.php\/wp-json\/wp\/v2\/pages\/310516","targetHints":{"allow":["GET"]}}],"collection":[{"href":"https:\/\/batelada.com\/index.php\/wp-json\/wp\/v2\/pages"}],"about":[{"href":"https:\/\/batelada.com\/index.php\/wp-json\/wp\/v2\/types\/page"}],"author":[{"embeddable":true,"href":"https:\/\/batelada.com\/index.php\/wp-json\/wp\/v2\/users\/1"}],"replies":[{"embeddable":true,"href":"https:\/\/batelada.com\/index.php\/wp-json\/wp\/v2\/comments?post=310516"}],"version-history":[{"count":4,"href":"https:\/\/batelada.com\/index.php\/wp-json\/wp\/v2\/pages\/310516\/revisions"}],"predecessor-version":[{"id":310529,"href":"https:\/\/batelada.com\/index.php\/wp-json\/wp\/v2\/pages\/310516\/revisions\/310529"}],"wp:attachment":[{"href":"https:\/\/batelada.com\/index.php\/wp-json\/wp\/v2\/media?parent=310516"}],"curies":[{"name":"wp","href":"https:\/\/api.w.org\/{rel}","templated":true}]}}