{"id":310530,"date":"2021-05-24T14:56:27","date_gmt":"2021-05-24T14:56:27","guid":{"rendered":"https:\/\/batelada.com\/?page_id=310530"},"modified":"2021-05-24T14:57:11","modified_gmt":"2021-05-24T14:57:11","slug":"grupos-e-artistas-de-teatro-de-animacao-2","status":"publish","type":"page","link":"https:\/\/batelada.com\/index.php\/grupos-e-artistas-de-teatro-de-animacao-2\/","title":{"rendered":"Grupos e Artistas de Teatro de Anima\u00e7\u00e3o"},"content":{"rendered":"\n<p class=\"has-text-align-center has-medium-font-size\">Esta cole\u00e7\u00e3o re\u00fane materiais gr\u00e1ficos de Grupos, Cias., Coletivos e Artistas ligados ao Teatro de Anima\u00e7\u00e3o que o Grupo Sobrevento mant\u00e9m em um arquivo f\u00edsico.<\/p>\n\n\n\n<p class=\"has-text-align-center\">Clicando em uma imagem, vc descobre tudo sobre um item, nos m\u00ednimos detalhes.<br><a href=\"https:\/\/batelada.com\/index.php\/grupos-e-artistas-de-teatro-de-animacao\/\"><span class=\"has-inline-color has-vivid-red-color\">E voc\u00ea pode fazer buscas detalhadas em uma visualiza\u00e7\u00e3o em tabela ou formatos surpreendentes, clicando AQUI.<\/span><\/a><br>Um pouquinho de paci\u00eancia, por favor. P\u00e1gina carregando-se\u2026<\/p>\n\n\n\n<div style=\"font-size:16px;--tainacan-base-font-size:16px;--tainacan-background-color:#ffffff;--tainacan-filter-menu-width-theme:20%;--tainacan-input-color:#1d1d1d;--tainacan-input-background-color:#ffffff;--tainacan-input-border-color:#dbdbdb;--tainacan-label-color:#454647;--tainacan-info-color:#555758;--tainacan-heading-color:#000000;--tainacan-skeleton-color:#eeeeee;--tainacan-item-background-color:#ffffff;--tainacan-item-hover-background-color:#f2f2f2;--tainacan-item-heading-hover-background-color:#dbdbdb;--tainacan-primary:#d9eced;--tainacan-secondary:#298596\" class=\"wp-block-tainacan-faceted-search\"><main collection-id=\"51035\" default-view-mode=\"mosaic\" enabled-view-modes=\"mosaic\" hide-filters=\"false\" hide-hide-filters-button=\"false\" hide-search=\"false\" hide-advanced-search=\"false\" hide-displayed-metadata-button=\"false\" hide-pagination-area=\"false\" hide-sorting-area=\"false\" hide-items-thumbnail=\"false\" hide-sort-by-button=\"false\" hide-exposers-button=\"false\" hide-items-per-page-button=\"false\" default-items-per-page=\"50\" hide-go-to-page-button=\"false\" show-filters-button-inside-search-control=\"false\" start-with-filters-hidden=\"false\" filters-as-modal=\"false\" show-inline-view-mode-options=\"false\" show-fullscreen-with-view-modes=\"false\" id=\"tainacan-items-page\"><\/main><\/div>\n","protected":false},"excerpt":{"rendered":"<p>Esta cole\u00e7\u00e3o re\u00fane materiais gr\u00e1ficos de Grupos, Cias., Coletivos e Artistas ligados ao Teatro de Anima\u00e7\u00e3o que o Grupo Sobrevento mant\u00e9m em um arquivo f\u00edsico. Clicando em uma imagem, vc descobre tudo sobre um item, nos m\u00ednimos detalhes.E voc\u00ea pode fazer buscas detalhadas em uma visualiza\u00e7\u00e3o em tabela ou formatos surpreendentes, clicando AQUI.Um pouquinho de [&hellip;]<\/p>\n","protected":false},"author":1,"featured_media":0,"parent":0,"menu_order":0,"comment_status":"closed","ping_status":"closed","template":"template-fullwidth.php","meta":{"footnotes":""},"class_list":["post-310530","page","type-page","status-publish","hentry"],"_links":{"self":[{"href":"https:\/\/batelada.com\/index.php\/wp-json\/wp\/v2\/pages\/310530","targetHints":{"allow":["GET"]}}],"collection":[{"href":"https:\/\/batelada.com\/index.php\/wp-json\/wp\/v2\/pages"}],"about":[{"href":"https:\/\/batelada.com\/index.php\/wp-json\/wp\/v2\/types\/page"}],"author":[{"embeddable":true,"href":"https:\/\/batelada.com\/index.php\/wp-json\/wp\/v2\/users\/1"}],"replies":[{"embeddable":true,"href":"https:\/\/batelada.com\/index.php\/wp-json\/wp\/v2\/comments?post=310530"}],"version-history":[{"count":2,"href":"https:\/\/batelada.com\/index.php\/wp-json\/wp\/v2\/pages\/310530\/revisions"}],"predecessor-version":[{"id":310532,"href":"https:\/\/batelada.com\/index.php\/wp-json\/wp\/v2\/pages\/310530\/revisions\/310532"}],"wp:attachment":[{"href":"https:\/\/batelada.com\/index.php\/wp-json\/wp\/v2\/media?parent=310530"}],"curies":[{"name":"wp","href":"https:\/\/api.w.org\/{rel}","templated":true}]}}