{"id":325472,"date":"2021-06-03T20:04:08","date_gmt":"2021-06-03T20:04:08","guid":{"rendered":"https:\/\/batelada.com\/?page_id=325472"},"modified":"2021-06-04T20:51:41","modified_gmt":"2021-06-04T20:51:41","slug":"teatro-de-sombras","status":"publish","type":"page","link":"https:\/\/batelada.com\/index.php\/teatro-de-sombras\/","title":{"rendered":"Teatro de Sombras"},"content":{"rendered":"\n<p class=\"has-text-align-center has-medium-font-size\">O Teatro de Sombras nas Cole\u00e7\u00f5es do Sobrevento<\/p>\n\n\n\n<p class=\"has-text-align-center\">Esses s\u00e3o os itens catalogados nas cole\u00e7\u00f5es do Sobrevento. Outros incr\u00edveis se somar\u00e3o a eles. Tudo a seu tempo.<\/p>\n\n\n\n<p class=\"has-text-align-center has-small-font-size\">Clique em um item para descobrir mais detalhes sobre ele.<\/p>\n\n\n\n<p class=\"has-text-align-center has-large-font-size\">LIVROS<\/p>\n\n\n\n<div search-url=\"https:\/\/batelada.com\/wp-admin\/admin.php?page=tainacan_admin#\/collections\/87758\/items\/?readmode=true&amp;iframemode=true&amp;status=publish&amp;admin_view_mode=table&amp;perpage=96&amp;paged=1&amp;order=ASC&amp;orderby=date&amp;fetch_only_meta=87763%2C87761%2C5528%2C5532&amp;metaquery%5B1%5D%5Bkey%5D=5528&amp;metaquery%5B1%5D%5Bcompare%5D=LIKE&amp;metaquery%5B1%5D%5BoriginalMeta%5D=5528-undefined-string&amp;metaquery%5B1%5D%5Bptype%5D=string&amp;metaquery%5B1%5D%5Bvalue%5D=sombra&amp;metaquery%5Brelation%5D=AND&amp;advancedSearch=true&amp;fetch_only=thumbnail%2Ccreation_date%2Cauthor_name\" class=\"wp-block-tainacan-dynamic-items-list\" collection-id=\"87758\" show-image=\"true\" show-name=\"true\" show-search-bar=\"undefined\" show-collection-header=\"undefined\" show-collection-label=\"undefined\" crop-images-to-square=\"true\" layout=\"grid\" mosaic-density=\"5\" mosaic-item-focal-point-x=\"0.5\" mosaic-item-focal-point-y=\"0.5\" max-columns-count=\"4\" collection-background-color=\"#454647\" collection-text-color=\"#ffffff\" grid-margin=\"0\" max-items-number=\"96\" order=\"ASC\" tainacan-api-root=\"https:\/\/batelada.com\/index.php\/wp-json\/tainacan\/v2\" tainacan-base-url=\"https:\/\/batelada.com\/wp-content\/plugins\/tainacan\" id=\"wp-block-tainacan-dynamic-items-list_5234887d-7e25-4e51-9ed3-c3dc6d2c511b\"><div><\/div><\/div>\n\n\n\n<p class=\"has-text-align-center has-large-font-size\">BONECOS<\/p>\n\n\n\n<div search-url=\"https:\/\/batelada.com\/wp-admin\/admin.php?page=tainacan_admin#\/collections\/70931\/items\/?readmode=true&amp;iframemode=true&amp;status=publish&amp;admin_view_mode=table&amp;perpage=96&amp;paged=1&amp;order=ASC&amp;fetch_only_meta=70939%2C70937%2C5532&amp;orderby=date&amp;advancedSearch=true&amp;metaquery%5B200%5D%5Bkey%5D=5358&amp;metaquery%5B200%5D%5Bcompare%5D=LIKE&amp;metaquery%5B200%5D%5BoriginalMeta%5D=5358-undefined-string&amp;metaquery%5B200%5D%5Bptype%5D=string&amp;metaquery%5B200%5D%5Bvalue%5D=sombra&amp;fetch_only=thumbnail%2Ccreation_date%2Cauthor_name\" class=\"wp-block-tainacan-dynamic-items-list\" collection-id=\"70931\" show-image=\"true\" show-name=\"true\" show-search-bar=\"undefined\" show-collection-header=\"undefined\" show-collection-label=\"undefined\" crop-images-to-square=\"true\" layout=\"grid\" mosaic-density=\"5\" mosaic-item-focal-point-x=\"0.5\" mosaic-item-focal-point-y=\"0.5\" max-columns-count=\"4\" collection-background-color=\"#454647\" collection-text-color=\"#ffffff\" grid-margin=\"0\" max-items-number=\"96\" order=\"ASC\" tainacan-api-root=\"https:\/\/batelada.com\/index.php\/wp-json\/tainacan\/v2\" tainacan-base-url=\"https:\/\/batelada.com\/wp-content\/plugins\/tainacan\" id=\"wp-block-tainacan-dynamic-items-list_f9c256e4-2d56-4d2c-b5b7-8ddca4b36c25\"><div><\/div><\/div>\n\n\n\n<p class=\"has-text-align-center has-large-font-size\">V\u00cdDEOS<\/p>\n\n\n\n<div search-url=\"https:\/\/batelada.com\/wp-admin\/admin.php?page=tainacan_admin#\/collections\/69678\/items\/?readmode=true&amp;iframemode=true&amp;status=publish&amp;admin_view_mode=table&amp;perpage=12&amp;paged=1&amp;order=DESC&amp;orderby=meta_value&amp;metakey=5532&amp;fetch_only_meta=4967%2C5162%2C5339%2C5358%2C5532%2C22884&amp;metaquery%5B0%5D%5Bkey%5D=5528&amp;metaquery%5B0%5D%5Bcompare%5D=LIKE&amp;metaquery%5B0%5D%5BoriginalMeta%5D=5528-undefined-string&amp;metaquery%5B0%5D%5Bptype%5D=string&amp;metaquery%5B0%5D%5Bvalue%5D=Sombra&amp;advancedSearch=true&amp;fetch_only=thumbnail%2Ccreation_date%2Cauthor_name\" class=\"wp-block-tainacan-dynamic-items-list\" collection-id=\"69678\" show-image=\"true\" show-name=\"true\" show-search-bar=\"undefined\" show-collection-header=\"undefined\" show-collection-label=\"undefined\" crop-images-to-square=\"true\" layout=\"grid\" mosaic-density=\"5\" mosaic-item-focal-point-x=\"0.5\" mosaic-item-focal-point-y=\"0.5\" max-columns-count=\"4\" collection-background-color=\"#454647\" collection-text-color=\"#ffffff\" grid-margin=\"0\" max-items-number=\"12\" order=\"DESC\" tainacan-api-root=\"https:\/\/batelada.com\/index.php\/wp-json\/tainacan\/v2\" tainacan-base-url=\"https:\/\/batelada.com\/wp-content\/plugins\/tainacan\" id=\"wp-block-tainacan-dynamic-items-list_7ab51ec8-4ff9-49e4-8842-87d7abaa1e7d\"><div><\/div><\/div>\n","protected":false},"excerpt":{"rendered":"<p>O Teatro de Sombras nas Cole\u00e7\u00f5es do Sobrevento Esses s\u00e3o os itens catalogados nas cole\u00e7\u00f5es do Sobrevento. Outros incr\u00edveis se somar\u00e3o a eles. Tudo a seu tempo. Clique em um item para descobrir mais detalhes sobre ele. LIVROS BONECOS V\u00cdDEOS<\/p>\n","protected":false},"author":1,"featured_media":26039,"parent":0,"menu_order":0,"comment_status":"closed","ping_status":"closed","template":"template-fullwidth.php","meta":{"footnotes":""},"class_list":["post-325472","page","type-page","status-publish","has-post-thumbnail","hentry"],"_links":{"self":[{"href":"https:\/\/batelada.com\/index.php\/wp-json\/wp\/v2\/pages\/325472","targetHints":{"allow":["GET"]}}],"collection":[{"href":"https:\/\/batelada.com\/index.php\/wp-json\/wp\/v2\/pages"}],"about":[{"href":"https:\/\/batelada.com\/index.php\/wp-json\/wp\/v2\/types\/page"}],"author":[{"embeddable":true,"href":"https:\/\/batelada.com\/index.php\/wp-json\/wp\/v2\/users\/1"}],"replies":[{"embeddable":true,"href":"https:\/\/batelada.com\/index.php\/wp-json\/wp\/v2\/comments?post=325472"}],"version-history":[{"count":9,"href":"https:\/\/batelada.com\/index.php\/wp-json\/wp\/v2\/pages\/325472\/revisions"}],"predecessor-version":[{"id":336483,"href":"https:\/\/batelada.com\/index.php\/wp-json\/wp\/v2\/pages\/325472\/revisions\/336483"}],"wp:featuredmedia":[{"embeddable":true,"href":"https:\/\/batelada.com\/index.php\/wp-json\/wp\/v2\/media\/26039"}],"wp:attachment":[{"href":"https:\/\/batelada.com\/index.php\/wp-json\/wp\/v2\/media?parent=325472"}],"curies":[{"name":"wp","href":"https:\/\/api.w.org\/{rel}","templated":true}]}}