{"id":334427,"date":"2021-06-04T15:44:30","date_gmt":"2021-06-04T15:44:30","guid":{"rendered":"https:\/\/batelada.com\/?page_id=334427"},"modified":"2021-06-04T20:16:46","modified_gmt":"2021-06-04T20:16:46","slug":"ubu","status":"publish","type":"page","link":"https:\/\/batelada.com\/index.php\/ubu\/","title":{"rendered":"Ubu!"},"content":{"rendered":"\n<p class=\"has-text-align-center has-medium-font-size\">O espet\u00e1culo UBU!, do Sobrevento, nas suas Cole\u00e7\u00f5es<\/p>\n\n\n\n<p class=\"has-text-align-center\">Esses s\u00e3o os itens catalogados nas cole\u00e7\u00f5es do Sobrevento. Outros incr\u00edveis se somar\u00e3o a eles. Tudo a seu tempo.<\/p>\n\n\n\n<p class=\"has-text-align-center has-small-font-size\">Clique em um item para descobrir mais detalhes sobre ele.<\/p>\n\n\n\n<p class=\"has-text-align-center has-large-font-size\">LIVROS<\/p>\n\n\n\n<div class=\"wp-block-columns is-layout-flex wp-container-core-columns-is-layout-28f84493 wp-block-columns-is-layout-flex\">\n<div class=\"wp-block-column is-layout-flow wp-block-column-is-layout-flow\">\n<div class=\"wp-block-tainacan-carousel-items-list\" search-url=\"https:\/\/batelada.com\/wp-admin\/admin.php?page=tainacan_admin#\/collections\/87758\/items\/?iframemode=true&amp;readmode=true&amp;status=publish&amp;admin_view_mode=table&amp;perpage=96&amp;paged=1&amp;order=ASC&amp;orderby=date&amp;fetch_only=thumbnail%2Ccreation_date%2Cauthor_name&amp;fetch_only_meta=87763%2C87761%2C5528%2C5532&amp;search=Jarry\" selected-items=\"[]\" load-strategy=\"search\" collection-id=\"87758\" auto-play=\"undefined\" loop-slides=\"undefined\" hide-title=\"undefined\" large-arrows=\"undefined\" crop-images-to-square=\"true\" show-collection-header=\"undefined\" show-collection-label=\"undefined\" collection-background-color=\"#454647\" collection-text-color=\"#ffffff\" max-items-number=\"96\" max-items-per-screen=\"7\" tainacan-api-root=\"https:\/\/batelada.com\/index.php\/wp-json\/tainacan\/v2\" tainacan-base-url=\"https:\/\/batelada.com\/wp-content\/plugins\/tainacan\" id=\"wp-block-tainacan-carousel-items-list_2b7931b9-391c-4485-b351-617a2520f163\"><div><\/div><\/div>\n<\/div>\n<\/div>\n\n\n\n<div class=\"wp-block-tainacan-carousel-items-list\" search-url=\"https:\/\/batelada.com\/wp-admin\/admin.php?page=tainacan_admin#\/collections\/87758\/items\/?iframemode=true&amp;readmode=true&amp;status=publish&amp;admin_view_mode=table&amp;perpage=96&amp;paged=1&amp;order=ASC&amp;orderby=date&amp;fetch_only=thumbnail%2Ccreation_date%2Cauthor_name&amp;fetch_only_meta=87763%2C87761%2C5528%2C5532&amp;search=craig\" selected-items=\"[]\" load-strategy=\"search\" collection-id=\"87758\" auto-play=\"undefined\" loop-slides=\"undefined\" hide-title=\"undefined\" large-arrows=\"undefined\" crop-images-to-square=\"true\" show-collection-header=\"undefined\" show-collection-label=\"undefined\" collection-background-color=\"#454647\" collection-text-color=\"#ffffff\" max-items-number=\"96\" max-items-per-screen=\"7\" tainacan-api-root=\"https:\/\/batelada.com\/index.php\/wp-json\/tainacan\/v2\" tainacan-base-url=\"https:\/\/batelada.com\/wp-content\/plugins\/tainacan\" id=\"wp-block-tainacan-carousel-items-list_625e568d-e270-4ca7-91a7-fa3c2d4027a6\"><div><\/div><\/div>\n\n\n\n<p class=\"has-text-align-center has-large-font-size\">BONECOS<\/p>\n\n\n\n<div search-url=\"https:\/\/batelada.com\/wp-admin\/admin.php?page=tainacan_admin#\/collections\/70931\/items\/?readmode=true&amp;iframemode=true&amp;status=publish&amp;admin_view_mode=table&amp;perpage=96&amp;paged=1&amp;order=ASC&amp;fetch_only_meta=70939%2C70937%2C5532&amp;orderby=date&amp;advancedSearch=true&amp;metaquery%5B746%5D%5Bkey%5D=70939&amp;metaquery%5B746%5D%5Bcompare%5D=LIKE&amp;metaquery%5B746%5D%5BoriginalMeta%5D=70939-undefined-string&amp;metaquery%5B746%5D%5Bptype%5D=string&amp;metaquery%5B746%5D%5Bvalue%5D=UB%20-%20&amp;fetch_only=thumbnail%2Ccreation_date%2Cauthor_name\" class=\"wp-block-tainacan-dynamic-items-list\" collection-id=\"70931\" show-image=\"true\" show-name=\"true\" show-search-bar=\"undefined\" show-collection-header=\"undefined\" show-collection-label=\"undefined\" crop-images-to-square=\"true\" layout=\"grid\" mosaic-density=\"5\" mosaic-item-focal-point-x=\"0.5\" mosaic-item-focal-point-y=\"0.5\" max-columns-count=\"4\" collection-background-color=\"#454647\" collection-text-color=\"#ffffff\" grid-margin=\"0\" max-items-number=\"96\" order=\"ASC\" tainacan-api-root=\"https:\/\/batelada.com\/index.php\/wp-json\/tainacan\/v2\" tainacan-base-url=\"https:\/\/batelada.com\/wp-content\/plugins\/tainacan\" id=\"wp-block-tainacan-dynamic-items-list_73286c21-8761-43ac-8cbb-1e2cae56d24e\"><div><\/div><\/div>\n\n\n\n<p class=\"has-text-align-center has-large-font-size\">FIGURINOS<\/p>\n\n\n\n<div class=\"wp-block-tainacan-carousel-items-list\" selected-items=\"[]\" load-strategy=\"selection\" collection-id=\"70941\" auto-play=\"undefined\" loop-slides=\"undefined\" hide-title=\"undefined\" large-arrows=\"undefined\" crop-images-to-square=\"true\" show-collection-header=\"undefined\" show-collection-label=\"undefined\" collection-background-color=\"#454647\" collection-text-color=\"#ffffff\" max-items-per-screen=\"7\" tainacan-api-root=\"https:\/\/batelada.com\/index.php\/wp-json\/tainacan\/v2\" tainacan-base-url=\"https:\/\/batelada.com\/wp-content\/plugins\/tainacan\" id=\"wp-block-tainacan-carousel-items-list_cf09948d-8b63-428d-b2af-5c4278da2c0b\"><div><\/div><\/div>\n\n\n\n<p class=\"has-text-align-center has-large-font-size\">FOTOS<\/p>\n\n\n\n<div search-url=\"https:\/\/batelada.com\/wp-admin\/admin.php?page=tainacan_admin#\/collections\/310042\/items\/?readmode=true&amp;iframemode=true&amp;status=publish&amp;admin_view_mode=table&amp;perpage=24&amp;paged=1&amp;order=DESC&amp;orderby=date&amp;fetch_only_meta=310051&amp;advancedSearch=true&amp;metaquery%5B530%5D%5Bkey%5D=310051&amp;metaquery%5B530%5D%5Bcompare%5D=LIKE&amp;metaquery%5B530%5D%5BoriginalMeta%5D=310051-undefined-string&amp;metaquery%5B530%5D%5Bptype%5D=string&amp;metaquery%5B530%5D%5Bvalue%5D=Pai&amp;fetch_only=thumbnail%2Ccreation_date%2Cauthor_name\" class=\"wp-block-tainacan-dynamic-items-list\" collection-id=\"310042\" show-image=\"true\" show-name=\"true\" show-search-bar=\"undefined\" show-collection-header=\"undefined\" show-collection-label=\"undefined\" crop-images-to-square=\"true\" layout=\"grid\" mosaic-height=\"280\" mosaic-density=\"5\" mosaic-grid-rows=\"3\" mosaic-grid-columns=\"3\" mosaic-item-focal-point-x=\"0.5\" mosaic-item-focal-point-y=\"0.5\" max-columns-count=\"4\" collection-background-color=\"#454647\" collection-text-color=\"#ffffff\" grid-margin=\"0\" max-items-number=\"24\" order=\"DESC\" tainacan-api-root=\"https:\/\/batelada.com\/index.php\/wp-json\/tainacan\/v2\" tainacan-base-url=\"https:\/\/batelada.com\/wp-content\/plugins\/tainacan\" id=\"wp-block-tainacan-dynamic-items-list_1bebb9a8-c1d5-4747-913d-51abd3c4c719\"><div><\/div><\/div>\n\n\n\n<p class=\"has-text-align-center has-large-font-size\">V\u00cdDEOS<\/p>\n\n\n\n<div search-url=\"https:\/\/batelada.com\/wp-admin\/admin.php?page=tainacan_admin#\/collections\/69678\/items\/?readmode=true&amp;iframemode=true&amp;status=publish&amp;admin_view_mode=table&amp;perpage=12&amp;paged=1&amp;order=DESC&amp;orderby=meta_value&amp;metakey=5532&amp;fetch_only=thumbnail%2Ccreation_date%2Cauthor_name&amp;fetch_only_meta=4967%2C5162%2C5339%2C5358%2C5532%2C22884&amp;metaquery%5B780%5D%5Bkey%5D=22884&amp;metaquery%5B780%5D%5Bcompare%5D=LIKE&amp;metaquery%5B780%5D%5BoriginalMeta%5D=22884-undefined-string&amp;metaquery%5B780%5D%5Bptype%5D=string&amp;metaquery%5B780%5D%5Bvalue%5D=Ubu&amp;advancedSearch=true\" class=\"wp-block-tainacan-dynamic-items-list\" collection-id=\"69678\" show-image=\"true\" show-name=\"true\" show-search-bar=\"undefined\" show-collection-header=\"undefined\" show-collection-label=\"undefined\" crop-images-to-square=\"true\" layout=\"grid\" mosaic-density=\"5\" mosaic-item-focal-point-x=\"0.5\" mosaic-item-focal-point-y=\"0.5\" max-columns-count=\"4\" collection-background-color=\"#454647\" collection-text-color=\"#ffffff\" grid-margin=\"0\" max-items-number=\"12\" order=\"DESC\" tainacan-api-root=\"https:\/\/batelada.com\/index.php\/wp-json\/tainacan\/v2\" tainacan-base-url=\"https:\/\/batelada.com\/wp-content\/plugins\/tainacan\" id=\"wp-block-tainacan-dynamic-items-list_8ca2d698-50a7-45f0-bf14-d891864061bf\"><div><\/div><\/div>\n\n\n\n<figure class=\"wp-block-embed is-type-video is-provider-youtube wp-block-embed-youtube wp-embed-aspect-4-3 wp-has-aspect-ratio\"><div class=\"wp-block-embed__wrapper\">\n<iframe title=\"Marcio Newlands combinando com os russos no Ubu!\" width=\"1333\" height=\"1000\" src=\"https:\/\/www.youtube.com\/embed\/PyNY4v9rGsM?feature=oembed\" frameborder=\"0\" allow=\"accelerometer; autoplay; clipboard-write; encrypted-media; gyroscope; picture-in-picture\" allowfullscreen><\/iframe>\n<\/div><\/figure>\n","protected":false},"excerpt":{"rendered":"<p>O espet\u00e1culo UBU!, do Sobrevento, nas suas Cole\u00e7\u00f5es Esses s\u00e3o os itens catalogados nas cole\u00e7\u00f5es do Sobrevento. Outros incr\u00edveis se somar\u00e3o a eles. Tudo a seu tempo. Clique em um item para descobrir mais detalhes sobre ele. LIVROS BONECOS FIGURINOS FOTOS V\u00cdDEOS<\/p>\n","protected":false},"author":1,"featured_media":70943,"parent":0,"menu_order":0,"comment_status":"closed","ping_status":"closed","template":"template-fullwidth.php","meta":{"footnotes":""},"class_list":["post-334427","page","type-page","status-publish","has-post-thumbnail","hentry"],"_links":{"self":[{"href":"https:\/\/batelada.com\/index.php\/wp-json\/wp\/v2\/pages\/334427","targetHints":{"allow":["GET"]}}],"collection":[{"href":"https:\/\/batelada.com\/index.php\/wp-json\/wp\/v2\/pages"}],"about":[{"href":"https:\/\/batelada.com\/index.php\/wp-json\/wp\/v2\/types\/page"}],"author":[{"embeddable":true,"href":"https:\/\/batelada.com\/index.php\/wp-json\/wp\/v2\/users\/1"}],"replies":[{"embeddable":true,"href":"https:\/\/batelada.com\/index.php\/wp-json\/wp\/v2\/comments?post=334427"}],"version-history":[{"count":19,"href":"https:\/\/batelada.com\/index.php\/wp-json\/wp\/v2\/pages\/334427\/revisions"}],"predecessor-version":[{"id":335526,"href":"https:\/\/batelada.com\/index.php\/wp-json\/wp\/v2\/pages\/334427\/revisions\/335526"}],"wp:featuredmedia":[{"embeddable":true,"href":"https:\/\/batelada.com\/index.php\/wp-json\/wp\/v2\/media\/70943"}],"wp:attachment":[{"href":"https:\/\/batelada.com\/index.php\/wp-json\/wp\/v2\/media?parent=334427"}],"curies":[{"name":"wp","href":"https:\/\/api.w.org\/{rel}","templated":true}]}}