{"id":40545,"date":"2021-02-26T13:47:03","date_gmt":"2021-02-26T13:47:03","guid":{"rendered":"http:\/\/batelada.com\/?post_type=tnc_col_22831_item&#038;p=40545"},"modified":"2021-02-26T13:47:04","modified_gmt":"2021-02-26T13:47:04","slug":"o-passaro-azul","status":"publish","type":"tnc_col_22831_item","link":"https:\/\/batelada.com\/index.php\/gsbiblio\/o-passaro-azul\/","title":{"rendered":"O P\u00e1ssaro Azul"},"content":{"rendered":"<p>Pequena Hist\u00f3ria da Atribui\u00e7\u00e3o do Pr\u00eamio Nobel a Maurice Maeterlinck &#8211; Dr. Gunnar Ahlstr\u00f6mDiscurso de Recep\u00e7\u00e3o pronunciado por C. D. AF Wis\u00e9n, por ocasi\u00e3o da entrega do Pr\u00eamio Nobel de Literatura a  Maurice Maeterlinck no dia 10 de dezembro de 1911Vida e Obra de Maurice Maeterlinck &#8211; Fran\u00e7ois Albert-BuissonO P\u00e1ssaro Azul &#8211; Maurice Maeterlinck<\/p>\n","protected":false},"featured_media":40550,"parent":0,"menu_order":0,"comment_status":"closed","ping_status":"closed","template":"","format":"standard","class_list":["post-40545","tnc_col_22831_item","type-tnc_col_22831_item","status-publish","format-standard","has-post-thumbnail","hentry"],"_links":{"self":[{"href":"https:\/\/batelada.com\/index.php\/wp-json\/wp\/v2\/tnc_col_22831_item\/40545","targetHints":{"allow":["GET"]}}],"collection":[{"href":"https:\/\/batelada.com\/index.php\/wp-json\/wp\/v2\/tnc_col_22831_item"}],"about":[{"href":"https:\/\/batelada.com\/index.php\/wp-json\/wp\/v2\/types\/tnc_col_22831_item"}],"replies":[{"embeddable":true,"href":"https:\/\/batelada.com\/index.php\/wp-json\/wp\/v2\/comments?post=40545"}],"version-history":[{"count":0,"href":"https:\/\/batelada.com\/index.php\/wp-json\/wp\/v2\/tnc_col_22831_item\/40545\/revisions"}],"wp:featuredmedia":[{"embeddable":true,"href":"https:\/\/batelada.com\/index.php\/wp-json\/wp\/v2\/media\/40550"}],"wp:attachment":[{"href":"https:\/\/batelada.com\/index.php\/wp-json\/wp\/v2\/media?parent=40545"}],"curies":[{"name":"wp","href":"https:\/\/api.w.org\/{rel}","templated":true}]}}

O Pássaro Azul

<p>Pequena História da Atribuição do Prêmio Nobel a Maurice Maeterlinck &#8211; Dr. Gunnar AhlströmDiscurso de Recepção pronunciado por C. D. AF Wisén, por ocasião da entrega do Prêmio Nobel de Literatura a  Maurice Maeterlinck no dia 10 de dezembro de 1911Vida e Obra de Maurice Maeterlinck &#8211; François Albert-BuissonO Pássaro Azul &#8211; Maurice Maeterlinck</p>
