{"id":42549,"date":"2021-02-26T14:23:00","date_gmt":"2021-02-26T14:23:00","guid":{"rendered":"http:\/\/batelada.com\/?post_type=tnc_col_22831_item&#038;p=42549"},"modified":"2021-02-26T14:23:00","modified_gmt":"2021-02-26T14:23:00","slug":"cultura-do-sarrafo-que-cupim-nao-roi-pretextos-de-uma-midia-radical-a","status":"publish","type":"tnc_col_22831_item","link":"https:\/\/batelada.com\/index.php\/gsbiblio\/cultura-do-sarrafo-que-cupim-nao-roi-pretextos-de-uma-midia-radical-a\/","title":{"rendered":"Cultura d&#8217;O Sarrafo que cupim n\u00e3o r\u00f3i: pretextos de uma m\u00eddia radical (A)"},"content":{"rendered":"","protected":false},"featured_media":42553,"parent":0,"menu_order":0,"comment_status":"closed","ping_status":"closed","template":"","format":"standard","class_list":["post-42549","tnc_col_22831_item","type-tnc_col_22831_item","status-publish","format-standard","has-post-thumbnail","hentry"],"_links":{"self":[{"href":"https:\/\/batelada.com\/index.php\/wp-json\/wp\/v2\/tnc_col_22831_item\/42549","targetHints":{"allow":["GET"]}}],"collection":[{"href":"https:\/\/batelada.com\/index.php\/wp-json\/wp\/v2\/tnc_col_22831_item"}],"about":[{"href":"https:\/\/batelada.com\/index.php\/wp-json\/wp\/v2\/types\/tnc_col_22831_item"}],"replies":[{"embeddable":true,"href":"https:\/\/batelada.com\/index.php\/wp-json\/wp\/v2\/comments?post=42549"}],"version-history":[{"count":0,"href":"https:\/\/batelada.com\/index.php\/wp-json\/wp\/v2\/tnc_col_22831_item\/42549\/revisions"}],"wp:featuredmedia":[{"embeddable":true,"href":"https:\/\/batelada.com\/index.php\/wp-json\/wp\/v2\/media\/42553"}],"wp:attachment":[{"href":"https:\/\/batelada.com\/index.php\/wp-json\/wp\/v2\/media?parent=42549"}],"curies":[{"name":"wp","href":"https:\/\/api.w.org\/{rel}","templated":true}]}}

Cultura d&#8217;O Sarrafo que cupim não rói: pretextos de uma mídia radical (A)
