{"id":42843,"date":"2021-02-26T14:23:41","date_gmt":"2021-02-26T14:23:41","guid":{"rendered":"http:\/\/batelada.com\/?post_type=tnc_col_22831_item&#038;p=42843"},"modified":"2021-02-26T14:23:42","modified_gmt":"2021-02-26T14:23:42","slug":"o-dito-e-o-feito-geracao-de-trabalho-e-renda-na-cultura-popular-do-brasil-central","status":"publish","type":"tnc_col_22831_item","link":"https:\/\/batelada.com\/index.php\/gsbiblio\/o-dito-e-o-feito-geracao-de-trabalho-e-renda-na-cultura-popular-do-brasil-central\/","title":{"rendered":"O Dito e o feito: gera\u00e7\u00e3o de trabalho e renda na cultura popular do Brasil Central"},"content":{"rendered":"<p>Cont\u00e9m CD.<\/p>\n","protected":false},"featured_media":42848,"parent":0,"menu_order":0,"comment_status":"closed","ping_status":"closed","template":"","format":"standard","class_list":["post-42843","tnc_col_22831_item","type-tnc_col_22831_item","status-publish","format-standard","has-post-thumbnail","hentry"],"_links":{"self":[{"href":"https:\/\/batelada.com\/index.php\/wp-json\/wp\/v2\/tnc_col_22831_item\/42843","targetHints":{"allow":["GET"]}}],"collection":[{"href":"https:\/\/batelada.com\/index.php\/wp-json\/wp\/v2\/tnc_col_22831_item"}],"about":[{"href":"https:\/\/batelada.com\/index.php\/wp-json\/wp\/v2\/types\/tnc_col_22831_item"}],"replies":[{"embeddable":true,"href":"https:\/\/batelada.com\/index.php\/wp-json\/wp\/v2\/comments?post=42843"}],"version-history":[{"count":0,"href":"https:\/\/batelada.com\/index.php\/wp-json\/wp\/v2\/tnc_col_22831_item\/42843\/revisions"}],"wp:featuredmedia":[{"embeddable":true,"href":"https:\/\/batelada.com\/index.php\/wp-json\/wp\/v2\/media\/42848"}],"wp:attachment":[{"href":"https:\/\/batelada.com\/index.php\/wp-json\/wp\/v2\/media?parent=42843"}],"curies":[{"name":"wp","href":"https:\/\/api.w.org\/{rel}","templated":true}]}}

O Dito e o feito: geração de trabalho e renda na cultura popular do Brasil Central

<p>Contém CD.</p>
