{"id":43202,"date":"2021-02-26T14:24:36","date_gmt":"2021-02-26T14:24:36","guid":{"rendered":"http:\/\/batelada.com\/?post_type=tnc_col_22831_item&#038;p=43202"},"modified":"2021-02-26T14:24:37","modified_gmt":"2021-02-26T14:24:37","slug":"teatro-n-4-a","status":"publish","type":"tnc_col_22831_item","link":"https:\/\/batelada.com\/index.php\/gsbiblio\/teatro-n-4-a\/","title":{"rendered":"Teatro, n.4 (A)"},"content":{"rendered":"<p>Publicaci\u00f3n de la Asociaci\u00f3n de Trabajadores de las Artes Esc\u00e9nicas (ATRAE) y la Asociaci\u00f3n Nacional de Directores Esc\u00e9nicos (ANDE) Col\u00f4mbia.Foto e men\u00e7\u00e3o ao projeto El Se\u00f1or Cabeza, da Cia. La Fanfarria, de Teatro de Anima\u00e7\u00e3o.<\/p>\n","protected":false},"featured_media":43207,"parent":0,"menu_order":0,"comment_status":"closed","ping_status":"closed","template":"","format":"standard","class_list":["post-43202","tnc_col_22831_item","type-tnc_col_22831_item","status-publish","format-standard","has-post-thumbnail","hentry"],"_links":{"self":[{"href":"https:\/\/batelada.com\/index.php\/wp-json\/wp\/v2\/tnc_col_22831_item\/43202","targetHints":{"allow":["GET"]}}],"collection":[{"href":"https:\/\/batelada.com\/index.php\/wp-json\/wp\/v2\/tnc_col_22831_item"}],"about":[{"href":"https:\/\/batelada.com\/index.php\/wp-json\/wp\/v2\/types\/tnc_col_22831_item"}],"replies":[{"embeddable":true,"href":"https:\/\/batelada.com\/index.php\/wp-json\/wp\/v2\/comments?post=43202"}],"version-history":[{"count":0,"href":"https:\/\/batelada.com\/index.php\/wp-json\/wp\/v2\/tnc_col_22831_item\/43202\/revisions"}],"wp:featuredmedia":[{"embeddable":true,"href":"https:\/\/batelada.com\/index.php\/wp-json\/wp\/v2\/media\/43207"}],"wp:attachment":[{"href":"https:\/\/batelada.com\/index.php\/wp-json\/wp\/v2\/media?parent=43202"}],"curies":[{"name":"wp","href":"https:\/\/api.w.org\/{rel}","templated":true}]}}

<p>Publicación de la Asociación de Trabajadores de las Artes Escénicas (ATRAE) y la Asociación Nacional de Directores Escénicos (ANDE) Colômbia.Foto e menção ao projeto El Señor Cabeza, da Cia. La Fanfarria, de Teatro de Animação.</p>
