{"id":43805,"date":"2021-02-26T14:31:08","date_gmt":"2021-02-26T14:31:08","guid":{"rendered":"http:\/\/batelada.com\/?post_type=tnc_col_22831_item&#038;p=43805"},"modified":"2021-02-26T14:31:09","modified_gmt":"2021-02-26T14:31:09","slug":"revista-ensaio-teatro-n-3-praia-do-flameno-132","status":"publish","type":"tnc_col_22831_item","link":"https:\/\/batelada.com\/index.php\/gsbiblio\/revista-ensaio-teatro-n-3-praia-do-flameno-132\/","title":{"rendered":"Revista Ensaio Teatro, n.3: Praia do Flameno, 132"},"content":{"rendered":"<p>Artigos e entrevistas que retra\u00e7am a hist\u00f3ria do pr\u00e9dio que abrigou a Escola de Teatro da Uni-Rio, o Clube Germ\u00e2nia, o CPC-UNE, o Curso Pr\u00e1tico de Teatro e o Conservat\u00f3rio Nacional de Teatro, o Centro de Artes da Fefierj.<\/p>\n","protected":false},"featured_media":43810,"parent":0,"menu_order":0,"comment_status":"closed","ping_status":"closed","template":"","format":"standard","class_list":["post-43805","tnc_col_22831_item","type-tnc_col_22831_item","status-publish","format-standard","has-post-thumbnail","hentry"],"_links":{"self":[{"href":"https:\/\/batelada.com\/index.php\/wp-json\/wp\/v2\/tnc_col_22831_item\/43805","targetHints":{"allow":["GET"]}}],"collection":[{"href":"https:\/\/batelada.com\/index.php\/wp-json\/wp\/v2\/tnc_col_22831_item"}],"about":[{"href":"https:\/\/batelada.com\/index.php\/wp-json\/wp\/v2\/types\/tnc_col_22831_item"}],"replies":[{"embeddable":true,"href":"https:\/\/batelada.com\/index.php\/wp-json\/wp\/v2\/comments?post=43805"}],"version-history":[{"count":0,"href":"https:\/\/batelada.com\/index.php\/wp-json\/wp\/v2\/tnc_col_22831_item\/43805\/revisions"}],"wp:featuredmedia":[{"embeddable":true,"href":"https:\/\/batelada.com\/index.php\/wp-json\/wp\/v2\/media\/43810"}],"wp:attachment":[{"href":"https:\/\/batelada.com\/index.php\/wp-json\/wp\/v2\/media?parent=43805"}],"curies":[{"name":"wp","href":"https:\/\/api.w.org\/{rel}","templated":true}]}}

<p>Artigos e entrevistas que retraçam a história do prédio que abrigou a Escola de Teatro da Uni-Rio, o Clube Germânia, o CPC-UNE, o Curso Prático de Teatro e o Conservatório Nacional de Teatro, o Centro de Artes da Fefierj.</p>
