{"id":44114,"date":"2021-02-26T14:32:01","date_gmt":"2021-02-26T14:32:01","guid":{"rendered":"http:\/\/batelada.com\/?post_type=tnc_col_22831_item&#038;p=44114"},"modified":"2021-02-26T14:32:03","modified_gmt":"2021-02-26T14:32:03","slug":"cata-dores-fabula-existencial-para-dois-palhacos","status":"publish","type":"tnc_col_22831_item","link":"https:\/\/batelada.com\/index.php\/gsbiblio\/cata-dores-fabula-existencial-para-dois-palhacos\/","title":{"rendered":"Cata-dores: f\u00e1bula existencial para dois palha\u00e7os"},"content":{"rendered":"<p>Autora e atriz, Cl\u00e1udia Maria de Vasconcellos , sob dire\u00e7\u00e3o de Jairo Mattos, dividiu o palco com Paulo Gorgulho e o maestro Marcello Amalfi, que n\u00e3o s\u00f3 comp\u00f4s a trilha sonora como participa em cena como um m\u00fasico ambulante, com diversos instrumentos grudados ao corpo, pontuando o espet\u00e1culo. A pe\u00e7a estreou em 16 de mar\u00e7o de 2017. A montagem teve orienta\u00e7\u00e3o de Sandra Vargas.<\/p>\n","protected":false},"featured_media":44120,"parent":0,"menu_order":0,"comment_status":"closed","ping_status":"closed","template":"","format":"standard","class_list":["post-44114","tnc_col_22831_item","type-tnc_col_22831_item","status-publish","format-standard","has-post-thumbnail","hentry"],"_links":{"self":[{"href":"https:\/\/batelada.com\/index.php\/wp-json\/wp\/v2\/tnc_col_22831_item\/44114","targetHints":{"allow":["GET"]}}],"collection":[{"href":"https:\/\/batelada.com\/index.php\/wp-json\/wp\/v2\/tnc_col_22831_item"}],"about":[{"href":"https:\/\/batelada.com\/index.php\/wp-json\/wp\/v2\/types\/tnc_col_22831_item"}],"replies":[{"embeddable":true,"href":"https:\/\/batelada.com\/index.php\/wp-json\/wp\/v2\/comments?post=44114"}],"version-history":[{"count":0,"href":"https:\/\/batelada.com\/index.php\/wp-json\/wp\/v2\/tnc_col_22831_item\/44114\/revisions"}],"wp:featuredmedia":[{"embeddable":true,"href":"https:\/\/batelada.com\/index.php\/wp-json\/wp\/v2\/media\/44120"}],"wp:attachment":[{"href":"https:\/\/batelada.com\/index.php\/wp-json\/wp\/v2\/media?parent=44114"}],"curies":[{"name":"wp","href":"https:\/\/api.w.org\/{rel}","templated":true}]}}

Cata-dores: fábula existencial para dois palhaços

<p>Autora e atriz, Cláudia Maria de Vasconcellos , sob direção de Jairo Mattos, dividiu o palco com Paulo Gorgulho e o maestro Marcello Amalfi, que não só compôs a trilha sonora como participa em cena como um músico ambulante, com diversos instrumentos grudados ao corpo, pontuando o espetáculo. A peça estreou em 16 de março de 2017. A montagem teve orientação de Sandra Vargas.</p>
