{"id":44175,"date":"2021-02-26T14:32:12","date_gmt":"2021-02-26T14:32:12","guid":{"rendered":"http:\/\/batelada.com\/?post_type=tnc_col_22831_item&#038;p=44175"},"modified":"2021-02-26T14:32:14","modified_gmt":"2021-02-26T14:32:14","slug":"europalia-brasil-international-arts-festival","status":"publish","type":"tnc_col_22831_item","link":"https:\/\/batelada.com\/index.php\/gsbiblio\/europalia-brasil-international-arts-festival\/","title":{"rendered":"Europalia.Brasil: International Arts Festival"},"content":{"rendered":"<p>Cat\u00e1logo, com fins de registro, do Festival Europalia.Brasil: reuni\u00e3o de obras, artistas e intelectuais brasileiros pelo Minist\u00e9rio da Cultura do Brasil unido ao Europalia Internacional, organizador do Festival, inaugurado em 4\/10\/2011, por ocasi\u00e3o da C\u00fapula Brasil-Uni\u00e3o Europeia, pela presidenta do Brasil Dilma Rousseff, pelo rei da B\u00e9lgica e os presidentes da Comiss\u00e3o Europeia e do Conselho Europeu. O festival durou 104 dias e envolveu 554 eventos de m\u00fasica, dan\u00e7a, teatro, literatura, audiovisual e circo, apresentados em mais de 70 cidades da Alemanha, Fran\u00e7a, B\u00e9lgica, Luxemburgo e Holanda.<\/p>\n","protected":false},"featured_media":44180,"parent":0,"menu_order":0,"comment_status":"closed","ping_status":"closed","template":"","format":"standard","class_list":["post-44175","tnc_col_22831_item","type-tnc_col_22831_item","status-publish","format-standard","has-post-thumbnail","hentry"],"_links":{"self":[{"href":"https:\/\/batelada.com\/index.php\/wp-json\/wp\/v2\/tnc_col_22831_item\/44175","targetHints":{"allow":["GET"]}}],"collection":[{"href":"https:\/\/batelada.com\/index.php\/wp-json\/wp\/v2\/tnc_col_22831_item"}],"about":[{"href":"https:\/\/batelada.com\/index.php\/wp-json\/wp\/v2\/types\/tnc_col_22831_item"}],"replies":[{"embeddable":true,"href":"https:\/\/batelada.com\/index.php\/wp-json\/wp\/v2\/comments?post=44175"}],"version-history":[{"count":0,"href":"https:\/\/batelada.com\/index.php\/wp-json\/wp\/v2\/tnc_col_22831_item\/44175\/revisions"}],"wp:featuredmedia":[{"embeddable":true,"href":"https:\/\/batelada.com\/index.php\/wp-json\/wp\/v2\/media\/44180"}],"wp:attachment":[{"href":"https:\/\/batelada.com\/index.php\/wp-json\/wp\/v2\/media?parent=44175"}],"curies":[{"name":"wp","href":"https:\/\/api.w.org\/{rel}","templated":true}]}}

<p>Catálogo, com fins de registro, do Festival Europalia.Brasil: reunião de obras, artistas e intelectuais brasileiros pelo Ministério da Cultura do Brasil unido ao Europalia Internacional, organizador do Festival, inaugurado em 4/10/2011, por ocasião da Cúpula Brasil-União Europeia, pela presidenta do Brasil Dilma Rousseff, pelo rei da Bélgica e os presidentes da Comissão Europeia e do Conselho Europeu. O festival durou 104 dias e envolveu 554 eventos de música, dança, teatro, literatura, audiovisual e circo, apresentados em mais de 70 cidades da Alemanha, França, Bélgica, Luxemburgo e Holanda.</p>
