{"id":44265,"date":"2021-02-26T14:32:25","date_gmt":"2021-02-26T14:32:25","guid":{"rendered":"http:\/\/batelada.com\/?post_type=tnc_col_22831_item&#038;p=44265"},"modified":"2021-02-27T20:40:16","modified_gmt":"2021-02-27T20:40:16","slug":"florencio-el-comentarista-de-argentores-n-43","status":"publish","type":"tnc_col_22831_item","link":"https:\/\/batelada.com\/index.php\/gsbiblio\/florencio-el-comentarista-de-argentores-n-43\/","title":{"rendered":"Florencio: el comentarista de Argentores, n.43"},"content":{"rendered":"<p>Editorial &#8211; Grave crisis en el setor audiovisual, p.4,Notas de tapa &#8211; Con la ficci\u00f3n argentina, no!- Nuestra ficci\u00f3n cuenta. La falta de trabajo en la industria audiovisual motiva m\u00faltiples protestas de entidades representativas del sector, p.6,- Cuatro autores de televisi\u00f3n (Sergio Vainman, Ricardo Rodr\u00edguez, Jorge Maestro y Diego D&#8217; Angelo) intercambian opiniones, en una mesa redonda, sobre las posibles causas que han generado la delicada situaci\u00f3n de la ficci\u00f3n argentina, p.9,- Alejandra Dar\u00edn, presidenta de la Asociaci\u00f3n Argentina de Actores, analiza c\u00f3mo la escasez de ficci\u00f3n del pa\u00eds golpea a su gremio, p.25,Teatro- El amigo de Cervantes. Rubens Correa hace un balance de su gesti\u00f3n al frente del primer teatro nacional y explica las razones de su retiro, p.30,- Marcelo Allasino, nuevo director del Instituto Nacional de Teatro, expone los objetivos y estrategias de lo que ser\u00e1 su gesti\u00f3n al frente del organismo, p.41,- Diplomatura en Dramaturgia. Profesores, alumnos y autoridades comentan la nueva propuesta educativa que se desarolla en Filosof\u00eda y Letras, p.49,Cine- En di\u00e1logo con esta revista, Sebasti\u00e1n Bornsztein, director de K\u00f3blic, se\u00f1ala la importancia del guion en una pel\u00edcula y aforma que el cine es como arte una expresi\u00f3n \u00fanica e incomparable, p.56,- El autor del libro &#8220;Mi marido es un boludo&#8221;, Pablo Solarz, explica la diferencia entre escribir para uno o por encargo. Y por qu\u00e9 lo satisface m\u00e1s poder acercarse a lo que so\u00f1\u00f3 como realizaci\u00f3n est\u00e9tica que el \u00e9xito econ\u00f3mico, p.63,Radio- Carlos Polimeni, periodista conductor del programa &#8220;Mediod\u00eda en el Plata&#8221; eval\u00faa distintos aspectos de la radio actual y dice que le falta experimentaci\u00f3n. Y que en ella hay mucho periodismo y poca concepci\u00f3n art\u00edstica, p.73,HistoriaBeatriz Seibel y una semplanza de Roberto Espina, p.84,Grandes FigurasCarlos A. Petit, un autor de la revista porte\u00f1a. Por R\u00f3mulo Berruti.<\/p>\n","protected":false},"featured_media":45039,"parent":0,"menu_order":0,"comment_status":"closed","ping_status":"closed","template":"","format":"standard","class_list":["post-44265","tnc_col_22831_item","type-tnc_col_22831_item","status-publish","format-standard","has-post-thumbnail","hentry"],"_links":{"self":[{"href":"https:\/\/batelada.com\/index.php\/wp-json\/wp\/v2\/tnc_col_22831_item\/44265","targetHints":{"allow":["GET"]}}],"collection":[{"href":"https:\/\/batelada.com\/index.php\/wp-json\/wp\/v2\/tnc_col_22831_item"}],"about":[{"href":"https:\/\/batelada.com\/index.php\/wp-json\/wp\/v2\/types\/tnc_col_22831_item"}],"replies":[{"embeddable":true,"href":"https:\/\/batelada.com\/index.php\/wp-json\/wp\/v2\/comments?post=44265"}],"version-history":[{"count":1,"href":"https:\/\/batelada.com\/index.php\/wp-json\/wp\/v2\/tnc_col_22831_item\/44265\/revisions"}],"predecessor-version":[{"id":45041,"href":"https:\/\/batelada.com\/index.php\/wp-json\/wp\/v2\/tnc_col_22831_item\/44265\/revisions\/45041"}],"wp:featuredmedia":[{"embeddable":true,"href":"https:\/\/batelada.com\/index.php\/wp-json\/wp\/v2\/media\/45039"}],"wp:attachment":[{"href":"https:\/\/batelada.com\/index.php\/wp-json\/wp\/v2\/media?parent=44265"}],"curies":[{"name":"wp","href":"https:\/\/api.w.org\/{rel}","templated":true}]}}

<p>Editorial &#8211; Grave crisis en el setor audiovisual, p.4,Notas de tapa &#8211; Con la ficción argentina, no!- Nuestra ficción cuenta. La falta de trabajo en la industria audiovisual motiva múltiples protestas de entidades representativas del sector, p.6,- Cuatro autores de televisión (Sergio Vainman, Ricardo Rodríguez, Jorge Maestro y Diego D&#8217; Angelo) intercambian opiniones, en una mesa redonda, sobre las posibles causas que han generado la delicada situación de la ficción argentina, p.9,- Alejandra Darín, presidenta de la Asociación Argentina de Actores, analiza cómo la escasez de ficción del país golpea a su gremio, p.25,Teatro- El amigo de Cervantes. Rubens Correa hace un balance de su gestión al frente del primer teatro nacional y explica las razones de su retiro, p.30,- Marcelo Allasino, nuevo director del Instituto Nacional de Teatro, expone los objetivos y estrategias de lo que será su gestión al frente del organismo, p.41,- Diplomatura en Dramaturgia. Profesores, alumnos y autoridades comentan la nueva propuesta educativa que se desarolla en Filosofía y Letras, p.49,Cine- En diálogo con esta revista, Sebastián Bornsztein, director de Kóblic, señala la importancia del guion en una película y aforma que el cine es como arte una expresión única e incomparable, p.56,- El autor del libro &#8220;Mi marido es un boludo&#8221;, Pablo Solarz, explica la diferencia entre escribir para uno o por encargo. Y por qué lo satisface más poder acercarse a lo que soñó como realización estética que el éxito económico, p.63,Radio- Carlos Polimeni, periodista conductor del programa &#8220;Mediodía en el Plata&#8221; evalúa distintos aspectos de la radio actual y dice que le falta experimentación. Y que en ella hay mucho periodismo y poca concepción artística, p.73,HistoriaBeatriz Seibel y una semplanza de Roberto Espina, p.84,Grandes FigurasCarlos A. Petit, un autor de la revista porteña. Por Rómulo Berruti.</p>
