{"id":44730,"date":"2021-02-26T14:33:10","date_gmt":"2021-02-26T14:33:10","guid":{"rendered":"http:\/\/batelada.com\/?post_type=tnc_col_22831_item&#038;p=44730"},"modified":"2021-02-28T16:42:41","modified_gmt":"2021-02-28T16:42:41","slug":"turba-depois-da-chuva-ultimas-noticias-de-uma-historia-so-a","status":"publish","type":"tnc_col_22831_item","link":"https:\/\/batelada.com\/index.php\/gsbiblio\/turba-depois-da-chuva-ultimas-noticias-de-uma-historia-so-a\/","title":{"rendered":"Turba \/ Depois da chuva \/ \u00daltimas not\u00edcias de uma hist\u00f3ria s\u00f3  (A)"},"content":{"rendered":"<p>Organiza\u00e7\u00e3o da cole\u00e7\u00e3o: Ivam CabralPref\u00e1cio: Na Ordem do Caos, por Silvana Garcia<\/p>\n","protected":false},"featured_media":45777,"parent":0,"menu_order":0,"comment_status":"closed","ping_status":"closed","template":"","format":"standard","class_list":["post-44730","tnc_col_22831_item","type-tnc_col_22831_item","status-publish","format-standard","has-post-thumbnail","hentry"],"_links":{"self":[{"href":"https:\/\/batelada.com\/index.php\/wp-json\/wp\/v2\/tnc_col_22831_item\/44730","targetHints":{"allow":["GET"]}}],"collection":[{"href":"https:\/\/batelada.com\/index.php\/wp-json\/wp\/v2\/tnc_col_22831_item"}],"about":[{"href":"https:\/\/batelada.com\/index.php\/wp-json\/wp\/v2\/types\/tnc_col_22831_item"}],"replies":[{"embeddable":true,"href":"https:\/\/batelada.com\/index.php\/wp-json\/wp\/v2\/comments?post=44730"}],"version-history":[{"count":1,"href":"https:\/\/batelada.com\/index.php\/wp-json\/wp\/v2\/tnc_col_22831_item\/44730\/revisions"}],"predecessor-version":[{"id":45776,"href":"https:\/\/batelada.com\/index.php\/wp-json\/wp\/v2\/tnc_col_22831_item\/44730\/revisions\/45776"}],"wp:featuredmedia":[{"embeddable":true,"href":"https:\/\/batelada.com\/index.php\/wp-json\/wp\/v2\/media\/45777"}],"wp:attachment":[{"href":"https:\/\/batelada.com\/index.php\/wp-json\/wp\/v2\/media?parent=44730"}],"curies":[{"name":"wp","href":"https:\/\/api.w.org\/{rel}","templated":true}]}}

Turba / Depois da chuva / Últimas notícias de uma história só  (A)

<p>Organização da coleção: Ivam CabralPrefácio: Na Ordem do Caos, por Silvana Garcia</p>
