{"id":44737,"date":"2021-02-26T14:33:11","date_gmt":"2021-02-26T14:33:11","guid":{"rendered":"http:\/\/batelada.com\/?post_type=tnc_col_22831_item&#038;p=44737"},"modified":"2021-02-28T16:47:54","modified_gmt":"2021-02-28T16:47:54","slug":"nijinsky-a-historia-dela-parasita-em-camadas-desolador","status":"publish","type":"tnc_col_22831_item","link":"https:\/\/batelada.com\/index.php\/gsbiblio\/nijinsky-a-historia-dela-parasita-em-camadas-desolador\/","title":{"rendered":"Nijinsky \/ A hist\u00f3ria dela \/ Parasita \/ Em Camadas \/ DesolaDor"},"content":{"rendered":"<p>Organiza\u00e7\u00e3o da cole\u00e7\u00e3o: Ivam CabralPref\u00e1cio: A Dan\u00e7a das Palavras, por Alberto GuzikApresenta\u00e7\u00e3o: Breve Autorretrato<\/p>\n","protected":false},"featured_media":45795,"parent":0,"menu_order":0,"comment_status":"closed","ping_status":"closed","template":"","format":"standard","class_list":["post-44737","tnc_col_22831_item","type-tnc_col_22831_item","status-publish","format-standard","has-post-thumbnail","hentry"],"_links":{"self":[{"href":"https:\/\/batelada.com\/index.php\/wp-json\/wp\/v2\/tnc_col_22831_item\/44737","targetHints":{"allow":["GET"]}}],"collection":[{"href":"https:\/\/batelada.com\/index.php\/wp-json\/wp\/v2\/tnc_col_22831_item"}],"about":[{"href":"https:\/\/batelada.com\/index.php\/wp-json\/wp\/v2\/types\/tnc_col_22831_item"}],"replies":[{"embeddable":true,"href":"https:\/\/batelada.com\/index.php\/wp-json\/wp\/v2\/comments?post=44737"}],"version-history":[{"count":1,"href":"https:\/\/batelada.com\/index.php\/wp-json\/wp\/v2\/tnc_col_22831_item\/44737\/revisions"}],"predecessor-version":[{"id":45768,"href":"https:\/\/batelada.com\/index.php\/wp-json\/wp\/v2\/tnc_col_22831_item\/44737\/revisions\/45768"}],"wp:featuredmedia":[{"embeddable":true,"href":"https:\/\/batelada.com\/index.php\/wp-json\/wp\/v2\/media\/45795"}],"wp:attachment":[{"href":"https:\/\/batelada.com\/index.php\/wp-json\/wp\/v2\/media?parent=44737"}],"curies":[{"name":"wp","href":"https:\/\/api.w.org\/{rel}","templated":true}]}}

Nijinsky / A história dela / Parasita / Em Camadas / DesolaDor

<p>Organização da coleção: Ivam CabralPrefácio: A Dança das Palavras, por Alberto GuzikApresentação: Breve Autorretrato</p>
