{"id":192250,"date":"2021-04-26T23:46:25","date_gmt":"2021-04-26T23:46:25","guid":{"rendered":"https:\/\/batelada.com\/?post_type=tnc_col_69678_item&#038;p=192250"},"modified":"2021-06-04T20:48:25","modified_gmt":"2021-06-04T20:48:25","slug":"500-anos-o-brasil-republica-na-tv-modulo-4","status":"publish","type":"tnc_col_69678_item","link":"https:\/\/batelada.com\/index.php\/videos\/500-anos-o-brasil-republica-na-tv-modulo-4\/","title":{"rendered":"500 anos: o Brasil-Rep\u00fablica na TV &#8211; m\u00f3dulo 4"},"content":{"rendered":"<p>Filme produzido para a Secretaria de Educa\u00e7\u00e3o \u00e0 Dist\u00e2ncia \/ MEC, pela Funda\u00e7\u00e3o Joaquim Nabuco e Massangana Multim\u00eddia Produ\u00e7\u00f5es<\/p>\n","protected":false},"featured_media":242136,"parent":0,"menu_order":0,"comment_status":"closed","ping_status":"closed","template":"","format":"standard","class_list":["post-192250","tnc_col_69678_item","type-tnc_col_69678_item","status-publish","format-standard","has-post-thumbnail","hentry"],"_links":{"self":[{"href":"https:\/\/batelada.com\/index.php\/wp-json\/wp\/v2\/tnc_col_69678_item\/192250","targetHints":{"allow":["GET"]}}],"collection":[{"href":"https:\/\/batelada.com\/index.php\/wp-json\/wp\/v2\/tnc_col_69678_item"}],"about":[{"href":"https:\/\/batelada.com\/index.php\/wp-json\/wp\/v2\/types\/tnc_col_69678_item"}],"replies":[{"embeddable":true,"href":"https:\/\/batelada.com\/index.php\/wp-json\/wp\/v2\/comments?post=192250"}],"version-history":[{"count":0,"href":"https:\/\/batelada.com\/index.php\/wp-json\/wp\/v2\/tnc_col_69678_item\/192250\/revisions"}],"wp:featuredmedia":[{"embeddable":true,"href":"https:\/\/batelada.com\/index.php\/wp-json\/wp\/v2\/media\/242136"}],"wp:attachment":[{"href":"https:\/\/batelada.com\/index.php\/wp-json\/wp\/v2\/media?parent=192250"}],"curies":[{"name":"wp","href":"https:\/\/api.w.org\/{rel}","templated":true}]}}

500 anos: o Brasil-República na TV &#8211; módulo 4

<p>Filme produzido para a Secretaria de Educação à Distância / MEC, pela Fundação Joaquim Nabuco e Massangana Multimídia Produções</p>
