{"id":192276,"date":"2021-04-26T23:46:27","date_gmt":"2021-04-26T23:46:27","guid":{"rendered":"https:\/\/batelada.com\/?post_type=tnc_col_69678_item&#038;p=192276"},"modified":"2021-06-04T20:48:28","modified_gmt":"2021-06-04T20:48:28","slug":"festival-internacional-de-charleville-mezieresteatro-de-bonecos-frances-imagens-de-philippe-genty-le-petits-comediens-de-chiffons-etc","status":"publish","type":"tnc_col_69678_item","link":"https:\/\/batelada.com\/index.php\/videos\/festival-internacional-de-charleville-mezieresteatro-de-bonecos-frances-imagens-de-philippe-genty-le-petits-comediens-de-chiffons-etc\/","title":{"rendered":"Festival Internacional de Charleville-M\u00e9zi\u00e8res||Teatro de Bonecos franc\u00eas &#8211; imagens de Philippe Genty, Le petits comediens de chiffons, etc."},"content":{"rendered":"<p>Entrevistas.<\/p>\n","protected":false},"featured_media":242423,"parent":0,"menu_order":0,"comment_status":"closed","ping_status":"closed","template":"","format":"standard","class_list":["post-192276","tnc_col_69678_item","type-tnc_col_69678_item","status-publish","format-standard","has-post-thumbnail","hentry"],"_links":{"self":[{"href":"https:\/\/batelada.com\/index.php\/wp-json\/wp\/v2\/tnc_col_69678_item\/192276","targetHints":{"allow":["GET"]}}],"collection":[{"href":"https:\/\/batelada.com\/index.php\/wp-json\/wp\/v2\/tnc_col_69678_item"}],"about":[{"href":"https:\/\/batelada.com\/index.php\/wp-json\/wp\/v2\/types\/tnc_col_69678_item"}],"replies":[{"embeddable":true,"href":"https:\/\/batelada.com\/index.php\/wp-json\/wp\/v2\/comments?post=192276"}],"version-history":[{"count":0,"href":"https:\/\/batelada.com\/index.php\/wp-json\/wp\/v2\/tnc_col_69678_item\/192276\/revisions"}],"wp:featuredmedia":[{"embeddable":true,"href":"https:\/\/batelada.com\/index.php\/wp-json\/wp\/v2\/media\/242423"}],"wp:attachment":[{"href":"https:\/\/batelada.com\/index.php\/wp-json\/wp\/v2\/media?parent=192276"}],"curies":[{"name":"wp","href":"https:\/\/api.w.org\/{rel}","templated":true}]}}

Festival Internacional de Charleville-Mézières||Teatro de Bonecos francês &#8211; imagens de Philippe Genty, Le petits comediens de chiffons, etc.
