{"id":192336,"date":"2021-04-26T23:46:30","date_gmt":"2021-04-26T23:46:30","guid":{"rendered":"https:\/\/batelada.com\/?post_type=tnc_col_69678_item&#038;p=192336"},"modified":"2021-06-04T20:48:35","modified_gmt":"2021-06-04T20:48:35","slug":"cenas-do-espetaculo-cade-o-meu-heroi-no-espaco-cultural-sergio-porto","status":"publish","type":"tnc_col_69678_item","link":"https:\/\/batelada.com\/index.php\/videos\/cenas-do-espetaculo-cade-o-meu-heroi-no-espaco-cultural-sergio-porto\/","title":{"rendered":"Cenas do espet\u00e1culo Cad\u00ea o meu Her\u00f3i? no Espa\u00e7o Cultural S\u00e9rgio Porto"},"content":{"rendered":"<p>Cenas selecionadas do espet\u00e1culo Cad\u00ea o meu her\u00f3i? no Espa\u00e7o Cultural S\u00e9rgio Porto<\/p>\n","protected":false},"featured_media":242977,"parent":0,"menu_order":0,"comment_status":"closed","ping_status":"closed","template":"","format":"standard","class_list":["post-192336","tnc_col_69678_item","type-tnc_col_69678_item","status-publish","format-standard","has-post-thumbnail","hentry"],"_links":{"self":[{"href":"https:\/\/batelada.com\/index.php\/wp-json\/wp\/v2\/tnc_col_69678_item\/192336","targetHints":{"allow":["GET"]}}],"collection":[{"href":"https:\/\/batelada.com\/index.php\/wp-json\/wp\/v2\/tnc_col_69678_item"}],"about":[{"href":"https:\/\/batelada.com\/index.php\/wp-json\/wp\/v2\/types\/tnc_col_69678_item"}],"replies":[{"embeddable":true,"href":"https:\/\/batelada.com\/index.php\/wp-json\/wp\/v2\/comments?post=192336"}],"version-history":[{"count":0,"href":"https:\/\/batelada.com\/index.php\/wp-json\/wp\/v2\/tnc_col_69678_item\/192336\/revisions"}],"wp:featuredmedia":[{"embeddable":true,"href":"https:\/\/batelada.com\/index.php\/wp-json\/wp\/v2\/media\/242977"}],"wp:attachment":[{"href":"https:\/\/batelada.com\/index.php\/wp-json\/wp\/v2\/media?parent=192336"}],"curies":[{"name":"wp","href":"https:\/\/api.w.org\/{rel}","templated":true}]}}

Cenas do espetáculo Cadê o meu Herói? no Espaço Cultural Sérgio Porto

<p>Cenas selecionadas do espetáculo Cadê o meu herói? no Espaço Cultural Sérgio Porto</p>
