{"id":192519,"date":"2021-04-26T23:46:40","date_gmt":"2021-04-26T23:46:40","guid":{"rendered":"https:\/\/batelada.com\/?post_type=tnc_col_69678_item&#038;p=192519"},"modified":"2021-06-04T20:48:57","modified_gmt":"2021-06-04T20:48:57","slug":"entrevista-de-andrea-freire-aldeia-de-arcozelo-e-apresentacao-e-imagens-dos-camarim-do-mozart-moments-em-paty-do-alferes","status":"publish","type":"tnc_col_69678_item","link":"https:\/\/batelada.com\/index.php\/videos\/entrevista-de-andrea-freire-aldeia-de-arcozelo-e-apresentacao-e-imagens-dos-camarim-do-mozart-moments-em-paty-do-alferes\/","title":{"rendered":"Entrevista de Andr\u00e9a Freire Aldeia de Arcozelo e apresenta\u00e7\u00e3o e imagens dos camarim do Mozart Moments em Paty do Alferes"},"content":{"rendered":"","protected":false},"featured_media":244468,"parent":0,"menu_order":0,"comment_status":"closed","ping_status":"closed","template":"","format":"standard","class_list":["post-192519","tnc_col_69678_item","type-tnc_col_69678_item","status-publish","format-standard","has-post-thumbnail","hentry"],"_links":{"self":[{"href":"https:\/\/batelada.com\/index.php\/wp-json\/wp\/v2\/tnc_col_69678_item\/192519","targetHints":{"allow":["GET"]}}],"collection":[{"href":"https:\/\/batelada.com\/index.php\/wp-json\/wp\/v2\/tnc_col_69678_item"}],"about":[{"href":"https:\/\/batelada.com\/index.php\/wp-json\/wp\/v2\/types\/tnc_col_69678_item"}],"replies":[{"embeddable":true,"href":"https:\/\/batelada.com\/index.php\/wp-json\/wp\/v2\/comments?post=192519"}],"version-history":[{"count":0,"href":"https:\/\/batelada.com\/index.php\/wp-json\/wp\/v2\/tnc_col_69678_item\/192519\/revisions"}],"wp:featuredmedia":[{"embeddable":true,"href":"https:\/\/batelada.com\/index.php\/wp-json\/wp\/v2\/media\/244468"}],"wp:attachment":[{"href":"https:\/\/batelada.com\/index.php\/wp-json\/wp\/v2\/media?parent=192519"}],"curies":[{"name":"wp","href":"https:\/\/api.w.org\/{rel}","templated":true}]}}

Entrevista de Andréa Freire Aldeia de Arcozelo e apresentação e imagens dos camarim do Mozart Moments em Paty do Alferes
