{"id":192527,"date":"2021-04-26T23:46:40","date_gmt":"2021-04-26T23:46:40","guid":{"rendered":"https:\/\/batelada.com\/?post_type=tnc_col_69678_item&#038;p=192527"},"modified":"2021-06-04T20:48:58","modified_gmt":"2021-06-04T20:48:58","slug":"reportagem-tv-cultura-do-espetaculo-beckett-no-centro-cultural-sao-paulo-qualidade-razoavel","status":"publish","type":"tnc_col_69678_item","link":"https:\/\/batelada.com\/index.php\/videos\/reportagem-tv-cultura-do-espetaculo-beckett-no-centro-cultural-sao-paulo-qualidade-razoavel\/","title":{"rendered":"Reportagem TV Cultura do espet\u00e1culo Beckett no Centro Cultural S\u00e3o Paulo (Qualidade razo\u00e1vel)"},"content":{"rendered":"<p>Reportagem Programa Vitrine TV Cultura do espet\u00e1culo Beckett no Centro Cultural S\u00e3o Paulo (Qualidade baixa)<\/p>\n","protected":false},"featured_media":244536,"parent":0,"menu_order":0,"comment_status":"closed","ping_status":"closed","template":"","format":"standard","class_list":["post-192527","tnc_col_69678_item","type-tnc_col_69678_item","status-publish","format-standard","has-post-thumbnail","hentry"],"_links":{"self":[{"href":"https:\/\/batelada.com\/index.php\/wp-json\/wp\/v2\/tnc_col_69678_item\/192527","targetHints":{"allow":["GET"]}}],"collection":[{"href":"https:\/\/batelada.com\/index.php\/wp-json\/wp\/v2\/tnc_col_69678_item"}],"about":[{"href":"https:\/\/batelada.com\/index.php\/wp-json\/wp\/v2\/types\/tnc_col_69678_item"}],"replies":[{"embeddable":true,"href":"https:\/\/batelada.com\/index.php\/wp-json\/wp\/v2\/comments?post=192527"}],"version-history":[{"count":0,"href":"https:\/\/batelada.com\/index.php\/wp-json\/wp\/v2\/tnc_col_69678_item\/192527\/revisions"}],"wp:featuredmedia":[{"embeddable":true,"href":"https:\/\/batelada.com\/index.php\/wp-json\/wp\/v2\/media\/244536"}],"wp:attachment":[{"href":"https:\/\/batelada.com\/index.php\/wp-json\/wp\/v2\/media?parent=192527"}],"curies":[{"name":"wp","href":"https:\/\/api.w.org\/{rel}","templated":true}]}}

Reportagem TV Cultura do espetáculo Beckett no Centro Cultural São Paulo (Qualidade razoável)

<p>Reportagem Programa Vitrine TV Cultura do espetáculo Beckett no Centro Cultural São Paulo (Qualidade baixa)</p>
