{"id":346294,"date":"2023-11-20T12:02:07","date_gmt":"2023-11-20T15:02:07","guid":{"rendered":"https:\/\/batelada.com\/?post_type=tnc_col_70941_item&#038;p=346294"},"modified":"2023-12-10T12:32:21","modified_gmt":"2023-12-10T15:32:21","slug":"tee-mauricio-traje-1","status":"publish","type":"tnc_col_70941_item","link":"https:\/\/batelada.com\/index.php\/figurinos\/tee-mauricio-traje-1\/","title":{"rendered":"TEE \u2013 Maur\u00edcio Traje 1"},"content":{"rendered":"<p>Espet\u00e1culo Pra L\u00e1 de Teer\u00e3||Personagem: Maur\u00edcio||Pantalona, camisa social de manga comprida, palet\u00f3 branco, colete comprido, botina.<\/p>\n","protected":false},"featured_media":346354,"parent":0,"menu_order":0,"comment_status":"closed","ping_status":"closed","template":"","format":"standard","class_list":["post-346294","tnc_col_70941_item","type-tnc_col_70941_item","status-publish","format-standard","has-post-thumbnail","hentry"],"_links":{"self":[{"href":"https:\/\/batelada.com\/index.php\/wp-json\/wp\/v2\/tnc_col_70941_item\/346294","targetHints":{"allow":["GET"]}}],"collection":[{"href":"https:\/\/batelada.com\/index.php\/wp-json\/wp\/v2\/tnc_col_70941_item"}],"about":[{"href":"https:\/\/batelada.com\/index.php\/wp-json\/wp\/v2\/types\/tnc_col_70941_item"}],"replies":[{"embeddable":true,"href":"https:\/\/batelada.com\/index.php\/wp-json\/wp\/v2\/comments?post=346294"}],"version-history":[{"count":1,"href":"https:\/\/batelada.com\/index.php\/wp-json\/wp\/v2\/tnc_col_70941_item\/346294\/revisions"}],"predecessor-version":[{"id":346364,"href":"https:\/\/batelada.com\/index.php\/wp-json\/wp\/v2\/tnc_col_70941_item\/346294\/revisions\/346364"}],"wp:featuredmedia":[{"embeddable":true,"href":"https:\/\/batelada.com\/index.php\/wp-json\/wp\/v2\/media\/346354"}],"wp:attachment":[{"href":"https:\/\/batelada.com\/index.php\/wp-json\/wp\/v2\/media?parent=346294"}],"curies":[{"name":"wp","href":"https:\/\/api.w.org\/{rel}","templated":true}]}}

TEE – Maurício Traje 1

<p>Espetáculo Pra Lá de Teerã||Personagem: Maurício||Pantalona, camisa social de manga comprida, paletó branco, colete comprido, botina.</p>
